+ -8)) + -8 - 8) + 5?
-23
What is 29 - (4 + 6 + (-32 - -5))?
46
What is 15 - ((-34 - -28) + 25)?
-4
What is the value of -15 - -22 - (-10 + 32 + -91)?
76
What is the value of 270 - 270 - (127 + -19 + -11)?
-97
Calculate (0 - 1 - -57) + (-178 - (124 - 305)).
59
What is the value of -439 + 343 + 65 + 17?
-14
What is the value of 6 - 35 - (33 - (53 - 31))?
-40
What is 15 + 7 + -3 - 63?
-44
Evaluate -39 - (7 + 1 + 38 + -23).
-62
Evaluate (-9 - 38 - 0 - -20) + 0.
-27
Calculate -27 + 5 - (7 - -17 - -6).
-52
What is (58 + -94 - -26) + (0 - -63 - (-4 + 3))?
54
Evaluate (-1 - 45) + (-8 - -35 - 17) + 11 + -4.
-29
What is -4 - -21 - (-29 - (-92 + -22))?
-68
Evaluate 86 - (-29 - (-13 - 7 - -9)).
104
What is 12 - (-42 + 134) - (14 - -3)?
-97
Evaluate (-122 + 250 + -225 - (1 + -17)) + (0 - 2).
-83
What is (17 - (27 + 1)) + -13 - -86?
62
-76 - (-4 + -27 + -80)
35
Calculate 46 - (-4 + 4) - (184 + -180) - (2 - -4).
36
What is -2 + 96 - (-159 - -342)?
-89
What is (0 - 11) + 1 + 2 - (33 - (118 + -27))?
50
What is the value of (-110 - -114) + 18 + 37?
59
What is (2 - -3) + 16 + -21 - (0 - -56)?
-56
Calculate 66 + (-8 - (-4 + 2 + -2)) + (-1 - 8).
53
8 + -1 + -1 + -650 + 635 + 35
26
(58 - -5) + (7 - (5 - 13) - 10) - -1
69
Calculate -1 + 43 + (-63 - -100 - -32).
111
Evaluate 198 + -236 - (-2 - 20) - -60.
44
Evaluate -462 + 469 + 1 + -141 + 27.
-106
What is the value of 12 - (24 + (-34 - -18) + (1 - -8))?
-5
Evaluate 9 + 18 - 7 - (2 + -7).
25
Evaluate (-398 - -404) + -2 + 72 + -26.
50
What is the value of (-71 - (-54 + 6)) + (-2 - (3 - (1 + -1)))?
-28
(19 - 9) + -11 - 10 - (-1 - 11 - 23)
24
45 + -22 + -32 - (-19 - (-7 - -14))
17
What is the value of -6 + -21 + -10 - ((19 - 12) + -5)?
-39
(98 - (21 - -2)) + -76
-1
What is the value of -2222 + 2363 + (-164 - 2)?
-25
Calculate -3 - (-30 + 16 + -18).
29
What is the value of -8 - (-2 + (-11 - -9) + -65 + 22)?
39
What is the value of 0 - 4 - (-9 + (-3 - (15 + 2 + -80)))?
-55
Evaluate -18 + 1 + 1 + (132 - (29 - -29)).
58
Calculate (1 - 6) + (-26 - -83) + (275 - 288).
39
Evaluate (14 + (-37 - -24) - (5 + 1)) + 39.
34
Evaluate (-34 - 20) + (-1 - -13 - -4) + -7.
-45
94 + (-105 - (109 - 183))
63
Evaluate 616 + -694 + (2 - -32).
-44
Evaluate -2025 + 2030 + 3 + (-1 - 0) + (-2 - 0).
5
What is -181 + (-33 + -41 - -137)?
-118
Evaluate (-5 - (14 - (4 - -20)) - -18) + -12.
11
70 - (-4 + 38) - 23
13
Calculate (-75 - -93) + 0 + -15.
3
What is 582 - 579 - (-25 + -2)?
30
What is (-45 + (49 - 0) - (1 - (-2 - 42))) + 5?
-36
Evaluate (-3 - (-5 + 6)) + -141 + 111.
-34
Evaluate -22 + 0 - (14 + -26 + 99 + -18).
-91
Evaluate 19 + (-81 - 4) + 43.
-23
Calculate (13 - 10) + 3 + (-3 - (49 - -3 - 6)).
-43
What is the value of -4 + -17 + (35 - 2) - 106?
-94
What is -3 + 21 + (-31 + 100 - -38) + 5?
130
Calculate -4 + (-6 - -4) - (-3 + (9 - 3)).
-9
Evaluate -3 + 26 - (-3 + 11) - (-25 - -1).
39
What is the value of 13 + 2 + (-262 - (-129 - -33))?
-151
What is the value of -9 + (4 + -5 + -2 - 3 - -19) - 37?
-33
Calculate -132 - (-99 + -15) - (27 + 1).
-46
What is the value of 89 + (4 - (74 - -4))?
15
-2 + (-8 - -3) - (71 - 27 - 86)
35
What is 7 + (3 - 24 - -35) - 19?
2
(-46 - 2 - (-142 - -24)) + 2
72
What is -3 + (6 - -26 - (-42 + 34))?
37
What is (-104 - -98) + (15 - -2 - (11 + -11)) + 4?
15
What is the value of (77 - 34) + -20 - 11 - 7?
5
Calculate -3957 + 4042 - (-2 + -50).
137
What is (88 - 175) + -4 + 23 - -22?
-46
Evaluate 2 - (1 + -19 + -2) - (-70 + 145 - 78).
25
What is the value of -65 + 30 + -3 - -30 - -13?
5
Calculate (870 - 874 - (56 - 0)) + -7.
-67
What is 22 - (145 - 8) - -57?
-58
What is 9 + 11 - ((16 - 16 - -31) + -137)?
126
What is -4 - (-34 + 5 + (-4 + 7 - (7 + -6)))?
23
Calculate (-23 - -24) + (-36 - -44 - (6 - -2)).
1
Evaluate -10 - (-14 + 7) - ((0 - (-5 - -11)) + 15).
-12
What is the value of -256 + 190 - (21 + -10 + -30)?
-47
What is 18 + 10 + -50 + 5 + 81?
64
Calculate 75 + -23 + (-51 - 34).
-33
Calculate -10 + (-3 + -7 + 3 + 9 - -25).
17
Evaluate 9 - (26 + -13 + (-48 - (-9 + 7))).
42
What is -63 + 20 + (23 - (17 - 11))?
-26
26 + -2 + 0 + -366 + 343 + 137
138
What is the value of -17 - -16 - ((-91 - -79 - (1 - 25)) + 0)?
-13
-19 - ((-241 - -82) + 55)
85
Calculate 40 + 37 + -3 - (-5 - (-1 + 1)).
79
89 + (-96 - (-13 + -39))
45
Calculate 64 + (-12 - (9 + -22 - -9)) + 7 + 10.
73
-80 + (-51 - -47) + 120
36
What is the value of (2 + -2 + -4 - 34) + -7 - (12 - 9)?
-48
-2 - -16 - (62 + 1 - (84 + -86))
-51
-43 + -8 + 78 + -74
-47
Calculate (-65 - -1) + 0 - (37 + -43 + 30 - 19).
-69
What is 5 + 0 + 123 + -121 - (-17 + -53)?
77
Calculate -8 + (-125 - -44 - (-9 - (-4 - (-2 + -5)))).
-77
Evaluate -20 - (-18 + (7 - 58)) - (-5 + -3 + 6).
51
Evaluate (10380 - 10330) + -2 + (-72 - 4).
-28
What is the value of 9 + -1 + (-46 - 21) + 18?
-41
What is -3 + (-2 - 0) + (-20 - (0 - -20))?
-45
Evaluate -1419 + 1396 + (-17 - 0).
-40
Evaluate -12 - (22 - 7) - (19 - 15).
-31
What is -25 + -16 + -11 + 42 - (-71 + -8 + 1)?
68
Evaluate (13 + -8 + -1 - 0) + -123 + 187.
68
Calculate -13 + 93 + (-11 - -6) - 19.
56
(-97 + 246 + -173 - (-2 + -1)) + 0 + -4
-25
Evaluate -775 + 830 - (4 + 1).
50
Evaluate 0 - (0 - -30) - (-1080 - -1091).
-41
7 - (0 + (-12 - -12) + 2 + -11)
16
What is 16 - (7 + -6 + 9 - (97 + -93))?
10
What is the value of -29 + 1 + 1581 + -1613?
-60
(26 - (17 + 4)) + (35 - (-2 + -2 + 1))
43
What is the value of -17 - (-17 + (-26 - -92)) - (1 + 2)?
-69
What is the value of (55 + -39 - 108) + -2 + (7 - 7)?
-94
(10 - 0) + 3 + -201 + 183 + -29
-34
What is 9 + 11 + -2 + 14 + -31 + -60?
-59
What is the value of 10 + (2 - -22) + -38 + (-10 - -7)?
-7
93 + (-5 + -16 + 22 - (1 - -5))
88
Evaluate 103 + 265 + -377 + -1 + 0 + 1 + -2.
-11
What is -2 - ((14 - 33) + 19) - -38?
36
What is -19 - (-20 + (-17 - -6))?
12
Calculate -8 + (26 - (8 - (5 + -3))) - 31.
-19
What is the value of 19 + -7 + -3 - (5 - (1 + -2) - -7)?
-4
(62 - (-2 - (20 - 23))) + -17 - 15
29
Calculate -19 + 23 + -25 - -7 - (-2 - -65).
-77
(-70 + 60 + -45 - (1 + -9)) + (0 - 10)
-57
Calculate (7 - (53 - 139)) + -61.
32
Calculate -71 + ((-19 - -20 - -4) + (3 - 4) - 10).
-77
What is the value of (2 - 8) + -6 + 3 + 2 + 40?
33
What is the value of 1 + -62 + (-1 - 2) + 40 + -64 + 27?
-61
(1 - -33 - (183 - 166)) + 25
42
What is the value of -28 + -17 + (110 - 19)?
46
What is -32 + -2 - -27 - (48 + -1 - 4)?
-50
-20 + 8 - -16 - (-4 - -51 - 1)
-42
Calculate 1 - (-1 - -50 - (-20 - -26)).
-42
-5 + -4 + (-13 - 1) + (2 + -2 - 44)
-67
Calculate -2 + (114 - 63) + (-23 - 6).
20
What is the value of 5 + (-75 - 7) + -7 + (-2 - -18) + -9?
-77
What is -2 + -1 + (243 - (25 - -249))?
-34
What is -4834 + 4818 - (-1 + (-2 - -1))?
-14
Calculate -1 + 21 - (28 + 2 + -14 - 12).
16
(150 - 140) + -20 + 3 + -2 + 3 - 19
-25
Evaluate -43 - (-3 - -4 - (4 - (-14 - -6))).
-32
Evaluate 13 - (-45 + (-3 - -3) - (887 - 894)).
51
What is 10 + 1 + (58 - 49) + -49?
-29
-8 - (82 + -50 - (1 - 3 - (9 + -4)))
-47
What is the value of (-9 + -128 - -115) + 27 + 1?
6
What is the value of 24 + 18 + (-119 - (24 + -45))?
-56
Calculate 10 - -4 - 0 - (22 + -15) - -41.
48
What is 1624 + -1548 + (5 - 48)?
33
Evaluate 1 + -44 - (-26 + (30 - 23 - -25)).
-49
Calculate 971 + -1163 + (54 - -5).
-133
90 - (-19 + 69 - 76)
116
What is -5 + 18 - (-17 + 21) - (-4 + -2)?
15
Calculate (1 - 6) + (-101 - -105) - (19 - -1) - 8.
-29
Calculate (-1 + -3 - (60 - -30)) + 12.
-82
36 + -6 + -50 + 1 + -1 - (-2 - -10)
-28
Calculate (3 - (-5 - 7)) + (2532 - 2624).
-77
What is -47 + (-117 + 112 - (-11 + 1)) + -14?
-56
Calculate (2 - -97) + -113 + -22 + 104.
68
-7 - (-118 - -20) - 79
12
What is the value of (-23 - -63 - 21) + -115?
-96
What is the value of (-13 + (23 - 13) - (7 - 8)) + 3 + 17?
18
3 - 31 - (-12 + 25 + (16 - 23))
-34
Evaluate (-60 - 60 - -156) + 26 + 1.
63
Evaluate (-11 + 2 + -11 - -26) + 13.
19
Calculate 16 + -16 + -5 - (-3 - -45 - -10).
-57
-2 - -22 - 29 - 13
-22
Calculate (-65 - -7) + 1 - -2 - (-183 + 183).
-55
What is -26 + 14 - -28 - (6 - 16 - 39)?
65
Evaluate 0 + 0 - (0 + -27 + (-159 - -3) + 128).
55
Calculate (-8 - 6) + (-2 - (13 + (-30 - -15) + 7)).
-21
Evaluate -2 - 4 - (3 - 4) - (-26 - (-41 + -46)).
-66
What is the value of -148 + (118 - 40) + -19?
-89
-129 + 49 - -20 - -91
31
(-6 - -2) + ((-28 - -12) + 8 - -5 - -82)
75
Calculate 12 + (1 - (-3 - (11 + -30))).
